{"id":104,"date":"2020-11-06T09:38:10","date_gmt":"2020-11-06T09:38:10","guid":{"rendered":"https:\/\/jahj.dk\/?page_id=104"},"modified":"2020-11-06T09:40:18","modified_gmt":"2020-11-06T09:40:18","slug":"privatlivspolitik","status":"publish","type":"page","link":"https:\/\/jahj.dk\/?page_id=104","title":{"rendered":"Privatlivspolitik"},"content":{"rendered":"\n<p><strong>Hvem er vi<\/strong><\/p>\n\n\n\n<p>Vores webstedsadresse er: https:\/\/jahj.dk<\/p>\n\n\n\n<p><strong>Kontaktoplysninger p\u00e5 persondataansvarlig<\/strong><\/p>\n\n\n\n<p>jannik@jahj.dk<\/p>\n\n\n\n<p><strong>Dataansvarlig og Indehaver af JAHJ A\/S<\/strong><\/p>\n\n\n\n<p>Jannik Hartvig Jensen, M\u00f8llev\u00e6nget 12, 4700 N\u00e6stved<\/p>\n\n\n\n<p><strong>Hvilke personlige data vi indsamler og hvorfor vi indsamler det fra hjemmesiden<\/strong><\/p>\n\n\n\n<p><strong>Medier<\/strong><\/p>\n\n\n\n<p>Hvis du uploader billeder til webstedet, s\u00e5 b\u00f8r du undlade at uploade billeder med indlejrede lokalitetsdata (EXIF GPS) inkluderet. Bes\u00f8gende p\u00e5 webstedet kan downloade og udtr\u00e6kke alle lokalitetsdata fra billeder p\u00e5 webstedet.<\/p>\n\n\n\n<p><strong>Kontaktformularer<\/strong><\/p>\n\n\n\n<p>N\u00e5r du bruger kontaktformularen p\u00e5 hjemmesiden, skal du aflevere dit navn og din mailadresse. Intet andet. Disse oplysninger gemmes hos tredjepart med hvem der foreligger en databehandleraftale.<\/p>\n\n\n\n<p><strong>Cookies<\/strong><\/p>\n\n\n\n<p>Hvis du skriver en kommentar p\u00e5 vores websted, kan du v\u00e6lge at gemme dit navn, e-mailadresse og websted i cookies. Disse er til din bekvemmelighed, s\u00e5 du ikke skal udfylde dine oplysninger igen, n\u00e5r du skriver endnu en kommentar. Disse cookies vil holde i et \u00e5r.<\/p>\n\n\n\n<p>Hvis du har en konto, og du logger ind p\u00e5 dette websted, vil vi ops\u00e6tte en midlertidig cookie for at afg\u00f8re om din browser accepterer cookies. Denne cookie indeholder ikke nogen personlige data og fjernes, n\u00e5r du lukker browseren.<\/p>\n\n\n\n<p>N\u00e5r du logger ind, vil vi ops\u00e6tte en r\u00e6kke cookies og gemme din logininformation og dine valg af sk\u00e6rmvisning. Logincookies holder i to dage, og sk\u00e6rmvalg cookies holder i et \u00e5r. Hvis du v\u00e6lger \u201cHusk mig\u201d, vil dit login holde i to uger. Hvis du logger ud af din konto, vil logincookierne forsvinde.<\/p>\n\n\n\n<p>Hvis du redigerer eller udgiver en artikel, vil en yderligere cookie blive gemt i din browser. Denne cookie indeholder ikke nogen personlige data og opgiver simpelthen indl\u00e6gsID p\u00e5 den artikel, du lige har redigeret. Den udl\u00f8ber efter 1 dag.<\/p>\n\n\n\n<p><strong>Indlejret indhold fra andre websteder<\/strong><\/p>\n\n\n\n<p>Artikler p\u00e5 dette websted kan indeholde indlejret indhold (f.eks. videoer, billeder, artikler osv.). Indlejret indhold fra andre websteder opf\u00f8rer sig p\u00e5 n\u00f8jagtig samme m\u00e5de, som hvis den bes\u00f8gende har bes\u00f8gt det andet websted.<\/p>\n\n\n\n<p>Disse websteder indsamler m\u00e5ske data om dig, bruger cookies, indlejrer ekstra tredjeparts sporing, og overv\u00e5ger din interaktion med dette indlejrede indhold, heriblandt at spore din interaktion med indlejret indhold, hvis du har en konto og en logget ind p\u00e5 det websted.<\/p>\n\n\n\n<p><strong>Analytics<\/strong><\/p>\n\n\n\n<p>Analytics bruges udelukkende til at unders\u00f8ge anonyme brugeres adf\u00e6rd p\u00e5 webstedet.<\/p>\n\n\n\n<p><strong>Tidsfrister for sletning\/opbevaring<\/strong><\/p>\n\n\n\n<p>JAHJ A\/S str\u00e6ber efter at slette (eller anonymisere) personoplysninger, s\u00e5 snart de ikke har nogen relevans. Dog opbevarer jeg dem altid i minimum 5 \u00e5r af hensyn til bogf\u00f8ringsloven.<\/p>\n\n\n\n<p><strong>Dine rettigheder efter persondataforordningen<\/strong><\/p>\n\n\n\n<p>I forbindelse med JAHJ A\/S\u2019s behandling af dine personoplysninger har du adskillige rettigheder:<\/p>\n\n\n\n<ul class=\"wp-block-list\"><li>Retten til at modtage oplysning om hvordan vi behandler dine personoplysninger (oplysningspligten).<\/li><li>Retten til at f\u00e5 indsigt i dine personoplysninger.<\/li><li>Retten til at f\u00e5 urigtige personoplysninger rettet.<\/li><li>Retten til at f\u00e5 dine personoplysninger slettet.<\/li><li>Retten til at g\u00f8re indsigelser mod at dine personoplysninger anvendes til direkte markedsf\u00f8ring.<\/li><li>Retten til at g\u00f8re indsigelser mod automatiske, individuelle afg\u00f8relser, herunder profilering.<\/li><li>Retten til at flytte dine personoplysninger (dataportabilitet).<\/li><\/ul>\n\n\n\n<p>Alle ovenst\u00e5ende rettigheder h\u00e5ndteres manuelt ved henvendelse til JAHJ A\/S\u2019s persondataansvarlige.<\/p>\n\n\n\n<p>JAHJ A\/S kan afvise anmodninger, der er urimeligt gentagende, kr\u00e6ver uforholdsm\u00e6ssig meget teknisk indgriben (f.eks. at udvikle et nyt system eller \u00e6ndre en eksisterende praksis v\u00e6sentligt), p\u00e5virker beskyttelsen af andres personlige oplysninger, eller noget som vil v\u00e6re ekstremt upraktisk (f.eks. anmodninger om oplysninger der findes som sikkerhedskopier).<\/p>\n\n\n\n<p>Hvis JAHJ A\/S kan rette oplysninger, g\u00f8res dette naturligvis gratis, medmindre det kr\u00e6ver uforholdsm\u00e6ssig stor indsats. JAHJ A\/S bestr\u00e6ber sig p\u00e5 at vedligeholde diverse tjenester p\u00e5 en m\u00e5de, der beskytter oplysninger fra fejlagtig eller skadelig \u00f8del\u00e6ggelse. N\u00e5r dine personoplysninger slettes fra JAHJ A\/S det derfor muligt, at jeg ikke altid kan slette tilh\u00f8rende kopier fra arkivserver med det samme, og det er ikke sikkert at oplysningerne fjernes fra firmaets sikkerhedskopisystemer.<\/p>\n\n\n\n<p>Du har altid ret til at klage til Datatilsynet (<a href=\"https:\/\/www.datatilsynet.dk\/generelt-om-databeskyttelse\/klage-til-datatilsynet\/\">https:\/\/www.datatilsynet.dk\/generelt-om-databeskyttelse\/klage-til-datatilsynet\/<\/a>)<\/p>\n\n\n\n<p><strong>Oplysninger som JAHJ A\/S videregiver<\/strong><\/p>\n\n\n\n<p>JAHJ A\/S videregiver ikke personlige oplysninger til virksomheder, organisationer eller enkeltpersoner. Undtaget er disse tilf\u00e6lde:<\/p>\n\n\n\n<ul class=\"wp-block-list\"><li>Til ekstern databehandling.<\/li><\/ul>\n\n\n\n<p>JAHJ A\/S kan videregive personlige oplysninger til samarbejdspartnere eller andre betroede virksomheder eller personer, der behandler dem for os. Deres behandling er baseret p\u00e5 mine instrukser og i overensstemmelse med JAHJ A\/S\u2019s privatlivspolitik og g\u00e6ldende tiltag til fortrolighed og sikkerhed, f.eks. firmaets databehandleraftale. Det drejer sig f.eks. om E-conomic (til h\u00e5ndtering af faktura og bogf\u00f8ring).<\/p>\n\n\n\n<ul class=\"wp-block-list\"><li>Af juridiske \u00e5rsager.<\/li><\/ul>\n\n\n\n<p>JAHJ A\/S kan videregive personlige oplysninger til virksomheder, organisationer eller enkeltpersoner, hvis firmaet i god tro mener, at adgang, brug, bevarelse eller offentligg\u00f8relse af oplysninger er n\u00f8dvendig for at:<\/p>\n\n\n\n<ul class=\"wp-block-list\"><li>Overholde g\u00e6ldende love, bestemmelser, sagsanl\u00e6g eller retsgyldige anmodninger fra offentlige myndigheder.<\/li><li>Registrere, forhindre eller p\u00e5 anden m\u00e5de beskytter mod problemer med bedrageri, sikkerhed eller tekniske problemer.<\/li><\/ul>\n\n\n\n<p>JAHJ A\/S kan dele oplysninger, der ikke identificerer personer, med offentligheden og med vores partnere. JAHJ A\/S kan dele oplysninger med offentligheden for at vise generelle tendenser om, hvordan udlejningslokalerne bruges af offentlige og private.<\/p>\n\n\n\n<p><strong>Informationssikkerhed<\/strong><\/p>\n\n\n\n<p>JAHJ A\/S arbejder h\u00e5rdt p\u00e5 at sikre kunder mod uautoriseret adgang, \u00e6ndring, offentligg\u00f8relse eller \u00f8del\u00e6ggelse af personoplysninger som firmaet lagrer.<\/p>\n\n\n\n<p>&nbsp;JAHJ A\/S har implementeret f\u00f8lgende organisatoriske og tekniske foranstaltninger generelt:<\/p>\n\n\n\n<ul class=\"wp-block-list\"><li>Antivirus p\u00e5 alle IT-systemer, der behandler personoplysninger.<\/li><li>Backup af alle IT-systemer, der behandler personoplysninger.<\/li><li>Adgangsbegr\u00e6nsning til personoplysninger, s\u00e5 der kun gives adgang, hvor det er n\u00f8dvendigt.<\/li><li>Vejledning i sikker behandling af personoplysninger og informationsarkiver for personer med adgang til informationssystemer.<\/li><li>Clean desk ved arbejdsdagens afslutning.<\/li><\/ul>\n\n\n\n<p><strong>Overholdelse og samarbejde med tilsyns-myndigheder<\/strong><\/p>\n\n\n\n<p>JAHJ A\/S gennemg\u00e5r regelm\u00e6ssigt, at firmaet overholder egen persondatapolitik. Skulle JAHJ A\/S modtage formelle skriftlige klager, kontakter jeg afsenderen for at f\u00f8lge op p\u00e5 klagen. JAHJ A\/S samarbejder med de relevante lovgivende myndigheder, f.eks. Datatilsynet, om at behandle klager om overf\u00f8rsel af personlige data, som jeg ikke kan l\u00f8se direkte med mine kunder.<\/p>\n\n\n\n<p><strong>\u00c6ndringer<\/strong><\/p>\n\n\n\n<p>JAHJ A\/S\u2019s privatlivspolitik kan \u00e6ndres fra tid til anden. Jeg begr\u00e6nser ikke dine rettigheder i henhold til denne privatlivspolitik uden dit udtrykkelige samtykke. Eventuelle \u00e6ndringer af denne privatlivspolitik angives p\u00e5 firmaets hjemmeside, og hvis der sker v\u00e6sentlige \u00e6ndringer, vil jeg g\u00f8re opm\u00e6rksom p\u00e5 dem p\u00e5 en mere i\u00f8jnefaldende m\u00e5de (via nyhedsbreve eller direkte e-mail).<\/p>\n\n\n\n<p>November 2020<\/p>\n\n\n\n<p>Jannik Hartvig Jensen.<\/p>\n","protected":false},"excerpt":{"rendered":"<p>Hvem er vi Vores webstedsadresse er: https:\/\/jahj.dk Kontaktoplysninger p\u00e5 persondataansvarlig jannik@jahj.dk Dataansvarlig og Indehaver af JAHJ A\/S Jannik Hartvig Jensen, M\u00f8llev\u00e6nget 12, 4700 N\u00e6stved Hvilke personlige data vi indsamler og hvorfor vi indsamler det fra hjemmesiden Medier Hvis du uploader billeder til webstedet, s\u00e5 b\u00f8r du undlade at uploade billeder med indlejrede lokalitetsdata (EXIF GPS) &hellip; <a href=\"https:\/\/jahj.dk\/?page_id=104\" class=\"more-link\">L\u00e6s videre <span class=\"screen-reader-text\">Privatlivspolitik<\/span> <span class=\"meta-nav\">&rarr;<\/span><\/a><\/p>\n","protected":false},"author":1,"featured_media":0,"parent":106,"menu_order":0,"comment_status":"closed","ping_status":"closed","template":"","meta":{"footnotes":""},"class_list":["post-104","page","type-page","status-publish","hentry"],"_links":{"self":[{"href":"https:\/\/jahj.dk\/index.php?rest_route=\/wp\/v2\/pages\/104"}],"collection":[{"href":"https:\/\/jahj.dk\/index.php?rest_route=\/wp\/v2\/pages"}],"about":[{"href":"https:\/\/jahj.dk\/index.php?rest_route=\/wp\/v2\/types\/page"}],"author":[{"embeddable":true,"href":"https:\/\/jahj.dk\/index.php?rest_route=\/wp\/v2\/users\/1"}],"replies":[{"embeddable":true,"href":"https:\/\/jahj.dk\/index.php?rest_route=%2Fwp%2Fv2%2Fcomments&post=104"}],"version-history":[{"count":1,"href":"https:\/\/jahj.dk\/index.php?rest_route=\/wp\/v2\/pages\/104\/revisions"}],"predecessor-version":[{"id":105,"href":"https:\/\/jahj.dk\/index.php?rest_route=\/wp\/v2\/pages\/104\/revisions\/105"}],"up":[{"embeddable":true,"href":"https:\/\/jahj.dk\/index.php?rest_route=\/wp\/v2\/pages\/106"}],"wp:attachment":[{"href":"https:\/\/jahj.dk\/index.php?rest_route=%2Fwp%2Fv2%2Fmedia&parent=104"}],"curies":[{"name":"wp","href":"https:\/\/api.w.org\/{rel}","templated":true}]}}